{"id":40,"date":"2022-03-18T23:45:48","date_gmt":"2022-03-18T22:45:48","guid":{"rendered":"http:\/\/sens-en-vie.ch\/?page_id=40"},"modified":"2022-08-12T15:10:54","modified_gmt":"2022-08-12T13:10:54","slug":"qui-suis-je","status":"publish","type":"page","link":"https:\/\/sens-en-vie.ch\/?page_id=40","title":{"rendered":"Qui suis-je?"},"content":{"rendered":"\n<p><span class=\"has-inline-color has-dark-gray-color\">Je m&#8217;appelle Marie de Chambrier. Accompagner les personnes sur leur chemin de vie me captive. J&#8217;ai d\u00e9couvert tr\u00e8s jeune l&#8217;int\u00e9r\u00eat du contact avec les animaux et la nature pour d\u00e9passer des blocages, \u00e9voluer et s&#8217;\u00e9panouir. C&#8217;est maintenant tout naturellement que j&#8217;invite ces partenaires dans ma pratique professionnelle pour vous accompagner \u00e0 retrouver \u00e9nergie et mouvement, l\u00e0 o\u00f9 vous en avez besoin.<\/span><\/p>\n\n\n\n<div class=\"wp-block-group alignwide\"><div class=\"wp-block-group__inner-container is-layout-flow wp-block-group-is-layout-flow\">\n<div class=\"wp-block-columns alignwide is-layout-flex wp-container-core-columns-is-layout-9d6595d7 wp-block-columns-is-layout-flex\">\n<div class=\"wp-block-column is-layout-flow wp-block-column-is-layout-flow\" style=\"flex-basis:33.33%\">\n<div class=\"wp-block-image is-style-rounded\"><figure class=\"aligncenter size-large\"><img loading=\"lazy\" decoding=\"async\" width=\"683\" height=\"1024\" src=\"https:\/\/sens-en-vie.ch\/wp-content\/uploads\/2022\/03\/moi-edited-683x1024.jpg\" alt=\"\" class=\"wp-image-131\" srcset=\"https:\/\/sens-en-vie.ch\/wp-content\/uploads\/2022\/03\/moi-edited-683x1024.jpg 683w, https:\/\/sens-en-vie.ch\/wp-content\/uploads\/2022\/03\/moi-edited-200x300.jpg 200w, https:\/\/sens-en-vie.ch\/wp-content\/uploads\/2022\/03\/moi-edited-768x1151.jpg 768w, https:\/\/sens-en-vie.ch\/wp-content\/uploads\/2022\/03\/moi-edited-1025x1536.jpg 1025w, https:\/\/sens-en-vie.ch\/wp-content\/uploads\/2022\/03\/moi-edited-1366x2048.jpg 1366w, https:\/\/sens-en-vie.ch\/wp-content\/uploads\/2022\/03\/moi-edited-1200x1799.jpg 1200w, https:\/\/sens-en-vie.ch\/wp-content\/uploads\/2022\/03\/moi-edited-scaled.jpg 1708w\" sizes=\"auto, (max-width: 683px) 85vw, 683px\" \/><\/figure><\/div>\n<\/div>\n\n\n\n<div class=\"wp-block-column is-layout-flow wp-block-column-is-layout-flow\" style=\"flex-basis:66.66%\">\n<h4 class=\"wp-block-heading\">Formations<\/h4>\n\n\n\n<ul class=\"wp-block-list\"><li><span class=\"has-inline-color has-dark-gray-color\">Praticienne formatrice, CAS, HE-ARC et HEFTS, 2019<\/span><\/li><li><span class=\"has-inline-color has-dark-gray-color\">M\u00e9ditation en pleine conscience , Storia formation , 2015<\/span><\/li><li><span class=\"has-inline-color has-dark-gray-color\">Addictologie, Torry et A.R.E.A.T 2013 &#8211; 2015<\/span><\/li><li><span class=\"has-inline-color has-dark-gray-color\">M\u00e9diation animale, IFZ, France, 2013<\/span><\/li><li><span class=\"has-inline-color has-dark-gray-color\">Educatrice sociale, Bachelor, HES-SO, Lausanne 2009 &#8211; 2012<\/span><\/li><\/ul>\n\n\n\n<h4 class=\"wp-block-heading\">Exp\u00e9riences<\/h4>\n\n\n\n<ul class=\"wp-block-list\"><li><span class=\"has-inline-color has-dark-gray-color\">M\u00e9diation avec le cheval en individuel et en groupe, Addiction Neuch\u00e2tel, 2020-actuellement<\/span><\/li><li><span class=\"has-inline-color has-dark-gray-color\">R\u00e9f\u00e9rence psycho-sociale, <span class=\"has-inline-color has-dark-gray-color\">animation d&#8217;activit\u00e9s m\u00e9diatrices, animation de groupes de parole<\/span><\/span> <span class=\"has-inline-color has-dark-gray-color\">et formation d&#8217;\u00e9tudiants HES, Addiction Neuch\u00e2tel, 2018-2021<\/span><\/li><li><span class=\"has-inline-color has-dark-gray-color\">R\u00e9f\u00e9rence psycho-sociale, animation d&#8217;activit\u00e9s m\u00e9diatrices, animation de groupes de parole, Fondation Go\u00e9land, 2013 -2017<\/span><\/li><li><span class=\"has-inline-color has-dark-gray-color\">Enseignement cycles 1 et 2, Ponts de Martel, 2012-2013<\/span><\/li><\/ul>\n<\/div>\n<\/div>\n<\/div><\/div>\n","protected":false},"excerpt":{"rendered":"<p>Je m&#8217;appelle Marie de Chambrier. Accompagner les personnes sur leur chemin de vie me captive. J&#8217;ai d\u00e9couvert tr\u00e8s jeune l&#8217;int\u00e9r\u00eat du contact avec les animaux et la nature pour d\u00e9passer des blocages, \u00e9voluer et s&#8217;\u00e9panouir. C&#8217;est maintenant tout naturellement que j&#8217;invite ces partenaires dans ma pratique professionnelle pour vous accompagner \u00e0 retrouver \u00e9nergie et mouvement, &hellip; <a href=\"https:\/\/sens-en-vie.ch\/?page_id=40\" class=\"more-link\">Continue reading<span class=\"screen-reader-text\"> &#8220;Qui suis-je?&#8221;<\/span><\/a><\/p>\n","protected":false},"author":1,"featured_media":0,"parent":0,"menu_order":0,"comment_status":"closed","ping_status":"closed","template":"","meta":{"footnotes":""},"class_list":["post-40","page","type-page","status-publish","hentry"],"_links":{"self":[{"href":"https:\/\/sens-en-vie.ch\/index.php?rest_route=\/wp\/v2\/pages\/40","targetHints":{"allow":["GET"]}}],"collection":[{"href":"https:\/\/sens-en-vie.ch\/index.php?rest_route=\/wp\/v2\/pages"}],"about":[{"href":"https:\/\/sens-en-vie.ch\/index.php?rest_route=\/wp\/v2\/types\/page"}],"author":[{"embeddable":true,"href":"https:\/\/sens-en-vie.ch\/index.php?rest_route=\/wp\/v2\/users\/1"}],"replies":[{"embeddable":true,"href":"https:\/\/sens-en-vie.ch\/index.php?rest_route=%2Fwp%2Fv2%2Fcomments&post=40"}],"version-history":[{"count":25,"href":"https:\/\/sens-en-vie.ch\/index.php?rest_route=\/wp\/v2\/pages\/40\/revisions"}],"predecessor-version":[{"id":388,"href":"https:\/\/sens-en-vie.ch\/index.php?rest_route=\/wp\/v2\/pages\/40\/revisions\/388"}],"wp:attachment":[{"href":"https:\/\/sens-en-vie.ch\/index.php?rest_route=%2Fwp%2Fv2%2Fmedia&parent=40"}],"curies":[{"name":"wp","href":"https:\/\/api.w.org\/{rel}","templated":true}]}}

<p><span class="has-inline-color has-dark-gray-color">Je m&#8217;appelle Marie de Chambrier. Accompagner les personnes sur leur chemin de vie me captive. J&#8217;ai découvert très jeune l&#8217;intérêt du contact avec les animaux et la nature pour dépasser des blocages, évoluer et s&#8217;épanouir. C&#8217;est maintenant tout naturellement que j&#8217;invite ces partenaires dans ma pratique professionnelle pour vous accompagner à retrouver énergie et mouvement, là où vous en avez besoin.</span></p>



<div class="wp-block-group alignwide"><div class="wp-block-group__inner-container is-layout-flow wp-block-group-is-layout-flow">
<div class="wp-block-columns alignwide is-layout-flex wp-container-core-columns-is-layout-9d6595d7 wp-block-columns-is-layout-flex">
<div class="wp-block-column is-layout-flow wp-block-column-is-layout-flow" style="flex-basis:33.33%">
<div class="wp-block-image is-style-rounded"><figure class="aligncenter size-large"><img loading="lazy" decoding="async" width="683" height="1024" src="https://sens-en-vie.ch/wp-content/uploads/2022/03/moi-edited-683x1024.jpg" alt="" class="wp-image-131" srcset="https://sens-en-vie.ch/wp-content/uploads/2022/03/moi-edited-683x1024.jpg 683w, https://sens-en-vie.ch/wp-content/uploads/2022/03/moi-edited-200x300.jpg 200w, https://sens-en-vie.ch/wp-content/uploads/2022/03/moi-edited-768x1151.jpg 768w, https://sens-en-vie.ch/wp-content/uploads/2022/03/moi-edited-1025x1536.jpg 1025w, https://sens-en-vie.ch/wp-content/uploads/2022/03/moi-edited-1366x2048.jpg 1366w, https://sens-en-vie.ch/wp-content/uploads/2022/03/moi-edited-1200x1799.jpg 1200w, https://sens-en-vie.ch/wp-content/uploads/2022/03/moi-edited-scaled.jpg 1708w" sizes="auto, (max-width: 683px) 85vw, 683px" /></figure></div>
</div>



<div class="wp-block-column is-layout-flow wp-block-column-is-layout-flow" style="flex-basis:66.66%">
<h4 class="wp-block-heading">Formations</h4>



<ul class="wp-block-list"><li><span class="has-inline-color has-dark-gray-color">Praticienne formatrice, CAS, HE-ARC et HEFTS, 2019</span></li><li><span class="has-inline-color has-dark-gray-color">Méditation en pleine conscience , Storia formation , 2015</span></li><li><span class="has-inline-color has-dark-gray-color">Addictologie, Torry et A.R.E.A.T 2013 &#8211; 2015</span></li><li><span class="has-inline-color has-dark-gray-color">Médiation animale, IFZ, France, 2013</span></li><li><span class="has-inline-color has-dark-gray-color">Educatrice sociale, Bachelor, HES-SO, Lausanne 2009 &#8211; 2012</span></li></ul>



<h4 class="wp-block-heading">Expériences</h4>



<ul class="wp-block-list"><li><span class="has-inline-color has-dark-gray-color">Médiation avec le cheval en individuel et en groupe, Addiction Neuchâtel, 2020-actuellement</span></li><li><span class="has-inline-color has-dark-gray-color">Référence psycho-sociale, <span class="has-inline-color has-dark-gray-color">animation d&#8217;activités médiatrices, animation de groupes de parole</span></span> <span class="has-inline-color has-dark-gray-color">et formation d&#8217;étudiants HES, Addiction Neuchâtel, 2018-2021</span></li><li><span class="has-inline-color has-dark-gray-color">Référence psycho-sociale, animation d&#8217;activités médiatrices, animation de groupes de parole, Fondation Goéland, 2013 -2017</span></li><li><span class="has-inline-color has-dark-gray-color">Enseignement cycles 1 et 2, Ponts de Martel, 2012-2013</span></li></ul>
</div>
</div>
</div></div>

<p>Je m&#8217;appelle Marie de Chambrier. Accompagner les personnes sur leur chemin de vie me captive. J&#8217;ai découvert très jeune l&#8217;intérêt du contact avec les animaux et la nature pour dépasser des blocages, évoluer et s&#8217;épanouir. C&#8217;est maintenant tout naturellement que j&#8217;invite ces partenaires dans ma pratique professionnelle pour vous accompagner à retrouver énergie et mouvement, &hellip; <a href="https://sens-en-vie.ch/?page_id=40" class="more-link">Continue reading<span class="screen-reader-text"> &#8220;Qui suis-je?&#8221;</span></a></p>
